st common divisor of 11 and o?
11
Let i = -194 + 280. Suppose i = 5*t - 14. What is the highest common divisor of 4 and t?
4
Suppose 0 = 322*h - 323*h + 32. Let m = -1 + -4. Let z be (-2)/(-5) + (-238)/m. What is the greatest common factor of z and h?
16
Suppose -d = 2*d - 15. Suppose -5*y - 2*c + 0*c + 80 = 0, 4*c - 80 = -d*y. What is the greatest common divisor of 16 and y?
16
Suppose 2*m = -r + 10, r + 1 + 3 = 0. Suppose 3*g - m = 20. Suppose -x + 4 = 4*j, 5*x = -4*j + 8*x + 4. Calculate the greatest common divisor of g and j.
1
Let o(k) = 2*k + 25. Let c be o(8). Suppose -c*n - 1015 = -46*n. Calculate the greatest common factor of n and 29.
29
Suppose -s + 80 = 2*b + 2*s, b - 27 = 5*s. What is the greatest common divisor of b and 481?
37
Let n = 5088 - 7402. Let o be n/(-65) + 3/(-5). What is the greatest common divisor of 7 and o?
7
Let c(t) = -21*t**3 + 4*t**2 + 10*t + 13. Let w be c(-2). What is the highest common factor of 3 and w?
3
Suppose -6 = -2*h + 4. Let n(i) = -2*i**3 + 10*i**2 + 2*i + 7. Let q be n(h). Calculate the greatest common factor of 34 and q.
17
Let a = -70 - -139. Suppose -2*i - 190 = -4*c - 0*i, -236 = -5*c + 2*i. Calculate the greatest common divisor of a and c.
23
Let b be 1038036/1426 + 4/62. What is the highest common factor of 112 and b?
56
Let g = 531 - 502. Calculate the highest common factor of 1 and g.
1
Let r(p) = p**3 - p**2 - 2*p + 6. Let m be r(3). Suppose -2*d = -8 - 0. Let a be (-7924)/(-63) + d/18. Calculate the highest common divisor of m and a.
18
Let n = -6 + 38. Calculate the greatest common factor of 352 and n.
32
Suppose -j = -5*l + 71, 0 = -2*l + l + 2*j + 16. Let c = -1280 - -1462. Calculate the greatest common divisor of c and l.
14
Let c be ((-12)/18)/((-1)/3). Suppose 35*g + 144 = 984. What is the highest common factor of c and g?
2
Suppose -4*x + 4*v + 76 = 0, 2*v - 5*v = -5*x + 89. Calculate the highest common divisor of 104 and x.
8
Suppose -9*r = 2 - 398. What is the greatest common factor of 16 and r?
4
Let c be 28 - 0*(-4)/(-8). Let l(x) = -3*x**3 - 4*x**2 + 17*x + 6. Let j be l(-5). What is the highest common factor of j and c?
28
Let b = -11 - -15. Let m(n) = 4*n - 2*n + n**3 + 15*n**2 + 22 + 4*n + 7*n. Let i be m(-14). Calculate the highest common divisor of i and b.
4
Let d = 398 - 385. Let s(y) = -y**3 + 5*y**2 - 5*y + 6. Let w be s(4). Let j be (w - -1) + -1 - -11. What is the greatest common factor of d and j?
13
Suppose -3*d = 14*d - 119. Calculate the highest common factor of 28 and d.
7
Let u = -1 + 3. Let g be (-1128)/(-28) - u/7. Let l be (g/12)/((-1)/(-27)). Calculate the greatest common divisor of l and 10.
10
Suppose 2*v + 431 = 4*m - 169, 0 = 3*v. What is the highest common factor of 90 and m?
30
Let s = 1183 - 1168. Calculate the highest common divisor of s and 2595.
15
Let k = 106 + -74. Let x = k + 64. Suppose 0 = 2*q - 5*q + x. What is the highest common divisor of 8 and q?
8
Let k be (-21)/2*10/15. Let t(s) = s**3 + 6*s**2 - 11*s - 4. Let y be t(k). Let g = y + -14. Calculate the greatest common factor of g and 20.
10
Suppose -117 = 3*d - n + 60, -4*d = -3*n + 236. Let f = d + 107. What is the greatest common factor of 64 and f?
16
Suppose 2*h - 3*v = 72, 4*h = -h + 3*v + 180. Calculate the highest common divisor of h and 36.
36
Suppose 39*l - 13*l = 16302. Calculate the highest common factor of 33 and l.
33
Let k be (-3*(-12)/(-45))/((-2)/5). Suppose -k*a + 20 + 4 = 0. Calculate the highest common divisor of a and 36.
12
Let z = -227 + 291. Calculate the greatest common factor of z and 704.
64
Let f be 2/((-12)/(-63))*(-280)/(-12). Calculate the highest common factor of 35 and f.
35
Suppose 4*c + 128 = 4*p, p + 3*c - 56 = -2*c. Let u be (-4*(-1)/4)/(3/12). What is the highest common factor of u and p?
4
Suppose -4*c = -8, -d - c + 31 = 13. Let v = d + -12. Let w(f) = 6*f - 4. Let h be w(v). What is the greatest common factor of 60 and h?
20
Let n(w) be the first derivative of -w**4/4 - 4*w**3 + 5*w**2/2 - 6*w - 8. Let f be n(-13). What is the highest common divisor of 14 and f?
14
Let k = 123 + -111. What is the highest common divisor of 8 and k?
4
Suppose -b + 6*b - 30 = g, 4*b = 2*g + 36. Let d = g - -8. Let k(p) = 9*p**2 + 3*p + 5. Let r be k(d). What is the greatest common factor of 7 and r?
7
Let j = -9 + 10. Let y be (0 + -23)*-3*j. Let a be (y/2)/((-6)/(-8)). What is the greatest common divisor of 23 and a?
23
Let o be -53 + 353 - (4 - 1). What is the greatest common divisor of o and 189?
27
Let w(s) = 8*s + 3*s**2 - 4*s + 0*s - 7*s. Let n be w(5). Calculate the greatest common divisor of 8 and n.
4
Suppose -2*g + 2 = -0. Let j(l) = 20*l**2 + 2*l - 1. Let n be j(g). Calculate the highest common factor of n and 63.
21
Suppose 2 = r - l, r = -r + 5*l - 11. Suppose -r = -4*k + 5. Suppose -4*v - 56 = -4*a, k*a - 4*v - v - 38 = 0. Calculate the greatest common divisor of 2 and a.
2
Let f(i) = -3*i - 4*i + i**2 + 14 - 2*i - 3*i. Let r be f(11). Suppose -r*q + 24 = -21. What is the highest common factor of 10 and q?
5
Suppose 4*s - 32 = 96. Suppose 3*q = 7*q - s. Let l = 21 - 19. What is the greatest common factor of q and l?
2
Suppose 5*i - 1272 = -3*h, 0 = -0*i - 2*i - 3*h + 507. Let b = i - 135. What is the highest common divisor of b and 24?
24
Suppose -45 = -c + 91. What is the highest common factor of c and 187?
17
Let x(a) = -a**3 + 5*a + 3. Let l be x(-3). Suppose -6*f = -3*q - 2*f + 90, f = 3*q - 90. Calculate the greatest common factor of q and l.
15
Suppose 3*d = 5*d + 18. Let u = -6 - d. Calculate the greatest common divisor of u and 15.
3
Suppose 3*a - 992 - 1297 = 0. What is the greatest common factor of a and 7?
7
Let u be 2/(-8) - (-386)/8. Suppose -11*f + 2390 - 2324 = 0. Calculate the highest common factor of f and u.
6
Let k = 18 + -8. Suppose -126 = -6*m + 54. Calculate the highest common divisor of m and k.
10
Let m be 9/(-5 + 287/56). What is the greatest common divisor of 60 and m?
12
Let m be 22*(-1 + (-164)/(-8)). What is the greatest common divisor of 66 and m?
33
Suppose 190 = -12*z + 670. Suppose 2*h + 26 = 146. Calculate the highest common factor of z and h.
20
Let p(q) = -6*q - 116. Let l be p(-22). What is the highest common divisor of l and 208?
16
Let q = -19 - -13. Let r be (-4)/q - (-592)/3. Let t(o) = -3*o**3 - 2*o**2 + 2. Let d be t(-2). Calculate the highest common factor of r and d.
18
Suppose 6 = 3*b - 0. Suppose -b*p + 15 = 3*p. Suppose -6*i + 25 = -3*i - 5*s, 0 = p*i + s - 31. What is the highest common divisor of 10 and i?
10
Let x(q) = -10 - q**3 + 13*q - 46*q + 4*q - q**2 + 16*q. Let r be x(-4). Calculate the highest common factor of 225 and r.
45
Let q = 227 - 218. Suppose -6 = a - 3*a. What is the highest common divisor of q and a?
3
Let q be (3 - (1 + 2))/(-2). Let m be (q/1 + -14)/(2/(-10)). What is the greatest common divisor of 175 and m?
35
Suppose -4*x = -14 - 30. Suppose 0 = -3*m - 2*f + x, 4*m + f + 0*f = 23. Calculate the highest common divisor of m and 63.
7
Suppose 0 = 11*s - 10*s - 55. Calculate the highest common divisor of 88 and s.
11
Suppose -2*d = 4*y - 38, 4*y = 3*d + 2*d + 3. Suppose 3*q = 6, y*s - 4*q - 1357 = 2*s. Calculate the greatest common factor of 39 and s.
39
Let d = -768 - -735. Let v(i) = -i**2 + 8*i + 3. Let w be v(6). Let t = w - d. Calculate the highest common factor of 12 and t.
12
Let k be (-4)/20 + (-392)/(-10). Suppose -5*l - k - 81 = 0. Let c = 8 - l. What is the highest common factor of 4 and c?
4
Suppose -1296 = -592*j + 587*j - 2*t, 759 = 3*j - 5*t. What is the highest common divisor of j and 86?
86
Let h = -440 - -516. Calculate the highest common factor of h and 190.
38
Suppose 0 = 16*x + 34*x - 27500. What is the highest common divisor of 100 and x?
50
Let u be 18475/(-30) + ((-14)/12 - -1). Let g = -308 - u. Calculate the greatest common divisor of 28 and g.
28
Let u(h) = h**2 + 7*h - 28. Let f be u(3). Suppose f*i + 5*z = 22, 3*i + 5*z = -i + 34. Calculate the greatest common factor of i and 24.
6
Suppose 4*z - 5*u - 46 = 0, -2*z - 5*u = -4*u - 16. Suppose 4*l - 345 + 229 = 0. Let v be 1/(9/l) - 240/1080. What is the highest common divisor of z and v?
3
Suppose -3*t = -4*t + 2. Let r be (6 - t)/((-2)/30). Let z = -30 - r. What is the greatest common factor of z and 1